8 a factor of 2360?
True
Is 48 a factor of 1915?
False
Does 19 divide 1615?
True
Is 2 a factor of 16045?
False
Does 3 divide 566?
False
Is 110 a factor of 9744?
False
Does 7 divide 26919?
False
Does 18 divide 745?
False
Is 738 a multiple of 6?
True
Is 14 a factor of 910?
True
Does 22 divide 15139?
False
Does 27 divide 10377?
False
Is 13 a factor of 1080?
False
Is 6793 a multiple of 6?
False
Is 36 a factor of 637?
False
Is 73738 a multiple of 46?
True
Is 25917 a multiple of 236?
False
Is 17 a factor of 37918?
False
Does 4 divide 116?
True
Does 7 divide 336?
True
Does 21 divide 6657?
True
Is 20 a factor of 1595?
False
Is 60138 a multiple of 78?
True
Does 98 divide 3920?
True
Is 14 a multiple of 7?
True
Is 798 a multiple of 19?
True
Is 16501 a multiple of 29?
True
Is 254 a multiple of 6?
False
Is 154159 a multiple of 237?
False
Is 23 a factor of 2660?
False
Does 18 divide 24426?
True
Is 4 a factor of 19688?
True
Is 37189 a multiple of 32?
False
Is 104 a multiple of 16?
False
Is 19632 a multiple of 177?
False
Does 5 divide 639?
False
Is 4 a factor of 118?
False
Is 2210 a multiple of 8?
False
Is 15 a factor of 26546?
False
Is 247 a factor of 5879?
False
Does 25 divide 9950?
True
Is 26838 a multiple of 27?
True
Does 16 divide 1181?
False
Does 27 divide 297?
True
Is 262 a multiple of 66?
False
Does 28 divide 4200?
True
Is 16717 a multiple of 27?
False
Is 17064 a multiple of 43?
False
Is 217 a multiple of 16?
False
Is 11426 a multiple of 30?
False
Does 61 divide 1192?
False
Is 1120 a multiple of 5?
True
Does 43 divide 301?
True
Is 109 a factor of 5506?
False
Does 5 divide 8252?
False
Is 4 a factor of 166?
False
Is 2 a factor of 22?
True
Does 163 divide 17498?
False
Does 88 divide 6286?
False
Is 14404 a multiple of 26?
True
Does 102 divide 62021?
False
Does 40 divide 14012?
False
Is 30267 a multiple of 171?
True
Does 20 divide 480?
True
Is 59 a factor of 3422?
True
Is 18819 a multiple of 27?
True
Is 2648 a multiple of 4?
True
Does 14 divide 1582?
True
Is 7 a factor of 658?
True
Is 106574 a multiple of 13?
True
Is 3386 a multiple of 250?
False
Does 16 divide 1632?
True
Is 11 a factor of 3135?
True
Does 73 divide 730?
True
Is 8 a factor of 7421?
False
Does 6 divide 138?
True
Is 7 a factor of 140?
True
Is 15187 even?
False
Is 49476 a multiple of 31?
True
Does 15 divide 2231?
False
Is 13987 a multiple of 28?
False
Does 8 divide 485?
False
Is 20 a factor of 1613?
False
Does 12 divide 44354?
False
Is 11985 a multiple of 51?
True
Is 3451 a multiple of 17?
True
Does 59 divide 32137?
False
Does 19 divide 560?
False
Is 2448 a multiple of 51?
True
Is 820 a multiple of 20?
True
Does 47 divide 1437?
False
Is 13 a factor of 69508?
False
Is 324 a multiple of 9?
True
Does 19 divide 3686?
True
Is 98 a multiple of 10?
False
Does 7 divide 250?
False
Does 14 divide 201?
False
Is 3 a factor of 141?
True
Is 7 a factor of 84?
True
Is 94 a multiple of 11?
False
Is 312 a multiple of 13?
True
Does 29 divide 551?
True
Is 19 a factor of 102?
False
Is 11 a factor of 21318?
True
Is 16 a factor of 214?
False
Does 16 divide 1744?
True
Is 20 a factor of 820?
True
Does 112 divide 1652?
False
Is 38282 a multiple of 78?
False
Is 2353 a multiple of 23?
False
Is 2103 a multiple of 13?
False
Is 127 a multiple of 65?
False
Does 21 divide 597?
False
Does 3 divide 99?
True
Is 309 a multiple of 3?
True
Is 19 a factor of 3648?
True
Does 11 divide 45430?
True
Does 2 divide 1692?
True
Does 160 divide 15520?
True
Is 12 a factor of 10092?
True
Does 3 divide 2207?
False
Is 42 a factor of 2679?
False
Is 527 a multiple of 31?
True
Does 7 divide 154?
True
Is 20 a factor of 1840?
True
Does 11 divide 1011?
False
Is 36359 a multiple of 19?
False
Does 240 divide 16800?
True
Is 16688 a multiple of 298?
True
Does 5 divide 8856?
False
Is 559 a multiple of 17?
False
Does 2 divide 387?
False
Is 768 a multiple of 20?
False
Does 20 divide 1742?
False
Is 22 a factor of 2708?
False
Does 61 divide 1037?
True
Does 64 divide 179?
False
Does 20 divide 400?
True
Does 12 divide 377?
False
Does 30 divide 27240?
True
Does 41 divide 41368?
False
Is 740 a multiple of 5?
True
Is 73 a factor of 10220?
True
Is 23 a factor of 759?
True
Is 112 a factor of 3136?
True
Does 8 divide 6840?
True
Does 14 divide 2252?
False
Is 196 a multiple of 28?
True
Is 97626 a multiple of 159?
True
Does 33 divide 1503?
False
Is 2 a factor of 1026?
True
Is 2044 a multiple of 95?
False
Is 15 a factor of 7027?
False
Is 11 a factor of 451?
True
Does 8 divide 704?
True
Does 29 divide 37199?
False
Does 8 divide 536?
True
Does 10 divide 1480?
True
Is 2335 a multiple of 58?
False
Does 76 divide 21584?
True
Does 51 divide 3568?
False
Is 5069 a multiple of 12?
False
Is 7940 a multiple of 43?
False
Is 52 a factor of 48880?
True
Does 38 divide 16492?
True
Is 19 a factor of 11628?
True
Does 62 divide 5022?
True
Is 4176 a multiple of 24?
True
Does 33 divide 12244?
False
Is 131 a factor of 38277?
False
Does 26 divide 25349?
False
Does 74 divide 2072?
True
Does 8 divide 621?
False
Is 2763 a multiple of 18?
False
Is 4130 a multiple of 10?
True
Does 52 divide 4026?
False
Is 1585 a multiple of 88?
False
Does 330 divide 37931?
False
Is 13 a factor of 7228?
True
Is 121 a multiple of 4?
False
Is 137 a factor of 8220?
True
Does 28 divide 26404?
True
Does 6 divide 4682?
False
Is 734 a multiple of 6?
False
Does 21 divide 357?
True
Is 32120 a multiple of 119?
False
Does 75 divide 2788?
False
Is 6 a factor of 90?
True
Is 25 a factor of 33115?
False
Is 25992 a multiple of 57?
True
Does 10 divide 125?
False
Does 17 divide 697?
True
Is 1189 a multiple of 13?
False
Does 12 divide 288?
True
Does 6 divide 349?
False
Does 13 divide 12219?
False
Is 30 a factor of 972?
False
Does 19 divide 30077?
True
Is 74 a multiple of 39?
False
Is 683 a multiple of 10?
False
Is 30 a factor of 780?
True
Is 3421 a multiple of 11?
True
Is 6460 a multiple of 9?
False
Is 19 a factor of 7043?
False
Is 5 a factor of 854?
False
Is 31 a factor of 41101?
False
Does 20 divide 3160?
True
Is 5398 a multiple of 234?
False
Is 10 a factor of 1977?
False
Is 12 a factor of 6504?
True
Is 8 a factor of 235?
False
Is 14454 a multiple of 18?
True
Is 54 a factor of 33696?
True
Is 26 a multiple of 26?
True
Does 15 divide 52245?
True
Is 664 a multiple of 19?
False
Does 12 divide 204?
True
Does 13 divide 12275?
False
Is 25990 a multiple of 17?
False
Is 56848 a multiple of 49?
False
Is 61290 a multiple of 454?
True
Is 18513 a multiple of 17?
True
Does 11 divide 19?
False
Is 190 a factor of 18260?
False
Does 37 divide 185?
True
Does 30 divide 952?
False
Does 35 divide 22744?
False
Is 19924 a multiple of 68?
True
Is 98 a multiple of 2?
True
Does 3 divide 2512?
False
Is 35952 a multiple of 14?
True
Is 189 a multiple of 27?
True
Is 99 a factor of 2076?
False
Does 10 divide 802?
False
Is 27897 a multiple of 31?
False
Is 11115 a multiple of 195?
True
Does 13 divide 109681?
True
Is 6048 a multiple of 6?
True
Does 216 divide 13111?
False
Is 58602 a multiple of 27?
False
Is 12920 a multiple of 17?
True
Does 35 divide 3710?
True
Is 7783 a multiple of 33?
False
Is 472 a multiple of 45?
False
Is 27 a factor of 55809?
True
Is 9352 a multiple of 36?
False
Is 1237 a multiple of 19?
False
Does 91 divide 22750?
True
Does 40 divide 90360?
True
Is 13049 a multiple of 24?
False
Is 6728 a multiple of 29?
True
Does 9 divide 898?
False
Is 7 a factor of 6790?
True
Does 9 divide 1113?
False
Is 3444 a multiple of 123?
True
Is 26643 a multiple of 83?
True
Is 700 a multiple of 14?
True
Is 721 a multiple of 12?
False
Does 17 divide 1684?
False
Is 16 a factor of 1120?
True
Is 78854 a multiple of 272?
False
Is 27 a factor of 5949?
False
Is 125 a factor of 500?
True
Does 7 divide 1314?
False
Is 4 a factor of 352?
True
Does 51 divide 24392?
False
Does 20 divide 105?
False
Is 10168 a multiple of 124?
True
Is 4 a factor of 345?
False
Does 58 divide 928?
True
Does 7 divide 3270?
False
Is 954 a multiple of 60?
False
Is 63 a factor of 2997?
False
Is 308 a multiple of 28?
True
Is 93 a factor of 962?
False
Is 15 a factor of 37710?
True
Is 132012 a multiple of 12?
True
Does 11 divide 2437?
False
Is 52 a factor of 2247?
False
Does 36 divide 677?
False
Is 44 a factor of 1584?
True
Is 1185 a multiple of 5?
True
Does 6 divide 600?
True
Does 49 divide 931?
True
Is 7